 a prime number?
False
Is 52798 a prime number?
False
Is 17707 prime?
True
Is 94229 a composite number?
False
Is 6457 a composite number?
True
Is 34841 prime?
True
Is 427279 prime?
True
Is 12373 a composite number?
False
Is 1507 composite?
True
Is 172417 a composite number?
True
Is 86501 prime?
True
Is 94187 composite?
True
Is 69907 composite?
True
Is 3271 a prime number?
True
Is 13358 a prime number?
False
Is 112899 composite?
True
Is 2609 a composite number?
False
Is 230993 a composite number?
True
Is 61613 prime?
True
Is 6353 composite?
False
Is 11549 prime?
True
Is 34421 prime?
True
Is 19369 composite?
True
Is 38501 prime?
True
Is 517 a prime number?
False
Is 151819 a prime number?
False
Is 134419 prime?
False
Is 16427 a prime number?
True
Is 135977 a composite number?
False
Is 371897 a composite number?
False
Is 260329 a composite number?
False
Is 36977 a prime number?
False
Is 4289 prime?
True
Is 21559 composite?
False
Is 40099 a composite number?
False
Is 91507 a prime number?
False
Is 3071 a prime number?
False
Is 158947 composite?
True
Is 504383 composite?
True
Is 225457 a prime number?
True
Is 5021 composite?
False
Is 1394063 prime?
False
Is 631 a prime number?
True
Is 1979371 composite?
False
Is 5501 a composite number?
False
Is 15206 a prime number?
False
Is 94889 composite?
False
Is 785 composite?
True
Is 1151 a prime number?
True
Is 1651 prime?
False
Is 101627 a composite number?
False
Is 1956203 prime?
True
Is 20765 composite?
True
Is 3163 a prime number?
True
Is 511057 prime?
True
Is 1187887 composite?
False
Is 2429 a composite number?
True
Is 3697 a composite number?
False
Is 1234 prime?
False
Is 85205 prime?
False
Is 839 a composite number?
False
Is 12439 prime?
False
Is 9599 prime?
False
Is 168347 a composite number?
False
Is 45259 a prime number?
True
Is 18617 prime?
True
Is 10559 a composite number?
False
Is 2918 prime?
False
Is 125555 prime?
False
Is 342649 a prime number?
False
Is 82601 composite?
False
Is 13093 a composite number?
False
Is 990691 prime?
False
Is 1361 composite?
False
Is 64819 a composite number?
True
Is 5737 a composite number?
False
Is 94137 composite?
True
Is 14633 a prime number?
True
Is 379 composite?
False
Is 11047 a composite number?
False
Is 193463 a prime number?
True
Is 3487 composite?
True
Is 484193 a prime number?
True
Is 16439 a prime number?
False
Is 125941 a prime number?
True
Is 171563 prime?
False
Is 15055 a prime number?
False
Is 137231 a prime number?
False
Is 42737 prime?
True
Is 198719 a prime number?
True
Is 105449 prime?
True
Is 1531 a composite number?
False
Is 4111 prime?
True
Is 15578 prime?
False
Is 1101 prime?
False
Is 1361 prime?
True
Is 1826993 composite?
True
Is 243647 a composite number?
False
Is 127 a prime number?
True
Is 117101 a composite number?
False
Is 27994 a prime number?
False
Is 2417867 a prime number?
False
Is 31451 composite?
True
Is 6131 a prime number?
True
Is 210667 a composite number?
True
Is 1152757 prime?
True
Is 124213 composite?
False
Is 8681 composite?
False
Is 1361 a composite number?
False
Is 5923 composite?
False
Is 2396029 a composite number?
False
Is 1055 composite?
True
Is 470519 a composite number?
True
Is 430987 prime?
True
Is 26371 prime?
True
Is 3737 a prime number?
False
Is 89171 a composite number?
True
Is 61729 a composite number?
False
Is 4007 prime?
True
Is 1451361 composite?
True
Is 13157 a composite number?
True
Is 23737 a prime number?
False
Is 25057 a prime number?
True
Is 103769 a composite number?
False
Is 589273 prime?
True
Is 4843 prime?
False
Is 458555 a prime number?
False
Is 29098 composite?
True
Is 57659 a prime number?
False
Is 17947 prime?
False
Is 220279 composite?
False
Is 1496747 composite?
True
Is 13121 composite?
False
Is 31627 a prime number?
True
Is 13781 a composite number?
False
Is 100709 a composite number?
True
Is 60427 composite?
False
Is 95605 composite?
True
Is 153929 a prime number?
True
Is 9209 composite?
False
Is 52783 a prime number?
True
Is 413207 a composite number?
False
Is 150463 prime?
False
Is 13777 a composite number?
True
Is 15571 prime?
False
Is 1979 a composite number?
False
Is 44995 a composite number?
True
Is 1085309 a prime number?
True
Is 55387 composite?
True
Is 11273 composite?
False
Is 639859 prime?
False
Is 700921 prime?
False
Is 212969 composite?
False
Is 58129 composite?
False
Is 8779 prime?
True
Is 1078889 composite?
True
Is 25867 composite?
False
Is 52945 a prime number?
False
Is 26171 a composite number?
False
Is 47798 composite?
True
Is 278459 a prime number?
True
Is 1947479 prime?
False
Is 191413 a prime number?
True
Is 584747 composite?
True
Is 2970535 composite?
True
Is 1282 a composite number?
True
Is 1397 a prime number?
False
Is 36503 prime?
False
Is 590417 a composite number?
True
Is 1020797 a composite number?
False
Is 1000869 prime?
False
Is 159 composite?
True
Is 22205 composite?
True
Is 12077 composite?
True
Is 57839 a composite number?
False
Is 24281 a composite number?
False
Is 17551 a composite number?
False
Is 13669 prime?
True
Is 566571 a composite number?
True
Is 18041 prime?
True
Is 419817 prime?
False
Is 73181 prime?
True
Is 21053 prime?
False
Is 1511 a prime number?
True
Is 58841 a prime number?
False
Is 121003 a prime number?
False
Is 109555 composite?
True
Is 10391 a prime number?
True
Is 40063 a composite number?
False
Is 215121 a composite number?
True
Is 32531 a prime number?
True
Is 101005 composite?
True
Is 3149 a composite number?
True
Is 18617 composite?
False
Is 197179 prime?
False
Is 433609 a composite number?
True
Is 41617 a prime number?
True
Is 18839 prime?
True
Is 39019 a composite number?
False
Is 289027 a prime number?
False
Is 197683 composite?
False
Is 30949 a prime number?
True
Is 294727 prime?
False
Is 10559 a prime number?
True
Is 62819 composite?
False
Is 4091 a composite number?
False
Is 738263 a prime number?
True
Is 1847687 a prime number?
True
Is 110419 prime?
True
Is 214937 composite?
True
Is 701 a prime number?
True
Is 15815 composite?
True
Is 192083 prime?
False
Is 5951 prime?
False
Is 40063 composite?
False
Is 1555727 prime?
True
Is 42241 prime?
False
Is 217741 a prime number?
False
Is 391 a composite number?
True
Is 141031 a prime number?
False
Is 355967 composite?
False
Is 2287861 composite?
False
Is 43661 a prime number?
True
Is 9293 a composite number?
False
Is 26431 a composite number?
False
Is 6557 prime?
False
Is 109273 a prime number?
False
Is 19541 a prime number?
True
Is 566689 prime?
False
Is 58381 composite?
True
Is 487 composite?
False
Is 350017 composite?
True
Is 5297 prime?
True
Is 10211 a prime number?
True
Is 465331 a composite number?
False
Is 152509 a composite number?
True
Is 1315 a prime number?
False
Is 331099 a prime number?
True
Is 3251 a composite number?
False
Is 6227 prime?
False
Is 4847 composite?
True
Is 877 a prime number?
True
Is 24559 prime?
False
Is 273379 composite?
True
Is 31219 prime?
True
Is 383137 composite?
True
Is 27617 composite?
False
Is 435997 prime?
True
Is 445429 prime?
False
Is 12791 composite?
False
Is 30161 prime?
True
Is 806107 a prime number?
True
Is 275299 a composite number?
False
Is 152753 a prime number?
True
Is 421559 a composite number?
False
Is 55509 prime?
False
Is 368227 a composite number?
False
Is 673 a composite number?
False
Is 344941 composite?
False
Is 1068877 a prime number?
True
Is 14107 a composite number?
False
Is 4373 a composite number?
False
Is 4829 composite?
True
Is 28829 prime?
False
Is 3691 a prime number?
True
Is 56701 a composite number?
False
Is 113713 a composite number?
True
Is 485753 a composite number?
False
Is 122237 a composite number?
True
Is 5917 a composite number?
True
Is 7807 a prime number?
False
Is 4207 a prime number?
False
Is 297481 composite?
False
Is 91691 composite?
False
Is 54761 composite?
True
Is 1722283 a prime number?
True
Is 545 composite?
True
Is 27238 composite?
True
Is 797 a prime number?
True
Is 23314 composite?
True
Is 1284769 prime?
True
Is 22235 prime?
False
Is 486433 a composite number?
False
Is 53437 a composite number?
False
Is 586 prime?
False
Is 38039 a composite number?
False
Is 1619 a composite number?
False
Is 1845967 composite?
True
Is 3239 composite?
True
Is 778537 composite?
False
Is 67567 a composite number